{"id":116,"date":"2026-02-17T15:12:18","date_gmt":"2026-02-17T14:12:18","guid":{"rendered":"https:\/\/www.vvd.nl\/regio-friesland\/?post_type=people&#038;p=116"},"modified":"2026-03-04T10:50:16","modified_gmt":"2026-03-04T09:50:16","slug":"gerda-bos","status":"publish","type":"people","link":"https:\/\/www.vvd.nl\/regio-friesland\/profielen\/gerda-bos\/","title":{"rendered":"Gerda Bos"},"content":{"rendered":"\n<div class=\"block content\">\n\t<div class=\"container\">\n\t\t<p><strong>Te bereiken via g.bos@fryslan.frl<\/strong><\/p>\n<p>Ik bin Gerda Bos \u2013 Jonkman, 57 jier en troud mei Johannes Bos. Tegearre hawwe wy twa bern. Wy wenje yn De Falom wer \u2019t wy ek \u00fas molkfeebedriuw ha.<\/p>\n<p>Al s\u00fbnt de 90-erjierren bin ik lid fan de VVD en haw fan \u00f4f doe my ek ynset yn it bestjoer en yn\u2019e politiek as skaadfraksje lid, kommisje lid, letter as gemeenteriedslid en op dit stuit bin ik Algemien Bestjoerslid fan Wetterskip Frysl\u00e2n. D\u00earneist haw ik troch myn ferskillende bestjoersfunksjes in breed netwurk yn Frysl\u00e2n.<\/p>\n<p>De wearden fan de VVD stribje ik nei, yn myn wurk as manager yn it MB\u00fb en yn myn dwaan en litten. Waar ik mij in de Staten op wil richten is de landbouw, het onderwijs en de Fryske taal.<\/p>\n<p>Onze zoon Jan Auke woont op onze melkveehouderij en hij wil graag verder met het bedrijf. Perspectief is nodig voor de (jonge-) boeren in Frysl\u00e2n daar zet ik mij voor in!<\/p>\n<p>Het is van belang dat we goed opgeleide studenten houden in Frysl\u00e2n. Voldoende stageplekken en werkplekken zijn hierbij cruciaal. Het besef dat studenten op alle niveaus onmisbaar zijn voor onze Friese economie, daar wil ik mij voor inzetten!<\/p>\n<p>Iedere inwoner binnen Frysl\u00e2n moet zich kunnen uitdrukken in het Fries, wanneer dat beter past bij die persoon. Dat geeft vrijheid en hier wil ik mij voor inzetten!<\/p>\n<p>Als VVD nemen wij onze verantwoordelijkheid, voor nu en voor later.<\/p>\n<h2><strong>Portefeuilles<\/strong><\/h2>\n<ul>\n<li>Natuur &amp; Landschap<\/li>\n<li>Transitie Omgevingswet\/visie<\/li>\n<li>Landbouw<\/li>\n<li>Veenweide<\/li>\n<li>Water &amp; Milieu<\/li>\n<li>Leefomgeving<\/li>\n<li>Taal, media, onderwijs en letteren<\/li>\n<\/ul>\n<p>&nbsp;<\/p>\n\t<\/div>\n<\/div>\n","protected":false},"featured_media":139,"template":"","subject":[21],"department":[50],"class_list":["post-116","people","type-people","status-publish","has-post-thumbnail","hentry","subject-provinciale-statenfractie","department-provinciale-statenfractie"],"acf":[],"publishpress_future_workflow_manual_trigger":{"enabledWorkflows":[]},"_links":{"self":[{"href":"https:\/\/www.vvd.nl\/regio-friesland\/wp-json\/wp\/v2\/people\/116","targetHints":{"allow":["GET"]}}],"collection":[{"href":"https:\/\/www.vvd.nl\/regio-friesland\/wp-json\/wp\/v2\/people"}],"about":[{"href":"https:\/\/www.vvd.nl\/regio-friesland\/wp-json\/wp\/v2\/types\/people"}],"wp:featuredmedia":[{"embeddable":true,"href":"https:\/\/www.vvd.nl\/regio-friesland\/wp-json\/wp\/v2\/media\/139"}],"wp:attachment":[{"href":"https:\/\/www.vvd.nl\/regio-friesland\/wp-json\/wp\/v2\/media?parent=116"}],"wp:term":[{"taxonomy":"subject","embeddable":true,"href":"https:\/\/www.vvd.nl\/regio-friesland\/wp-json\/wp\/v2\/subject?post=116"},{"taxonomy":"department","embeddable":true,"href":"https:\/\/www.vvd.nl\/regio-friesland\/wp-json\/wp\/v2\/department?post=116"}],"curies":[{"name":"wp","href":"https:\/\/api.w.org\/{rel}","templated":true}]}}

<div class="block content">
	<div class="container">
		<p><strong>Te bereiken via g.bos@fryslan.frl</strong></p>
<p>Ik bin Gerda Bos – Jonkman, 57 jier en troud mei Johannes Bos. Tegearre hawwe wy twa bern. Wy wenje yn De Falom wer ’t wy ek ús molkfeebedriuw ha.</p>
<p>Al sûnt de 90-erjierren bin ik lid fan de VVD en haw fan ôf doe my ek ynset yn it bestjoer en yn’e politiek as skaadfraksje lid, kommisje lid, letter as gemeenteriedslid en op dit stuit bin ik Algemien Bestjoerslid fan Wetterskip Fryslân. Dêrneist haw ik troch myn ferskillende bestjoersfunksjes in breed netwurk yn Fryslân.</p>
<p>De wearden fan de VVD stribje ik nei, yn myn wurk as manager yn it MBû en yn myn dwaan en litten. Waar ik mij in de Staten op wil richten is de landbouw, het onderwijs en de Fryske taal.</p>
<p>Onze zoon Jan Auke woont op onze melkveehouderij en hij wil graag verder met het bedrijf. Perspectief is nodig voor de (jonge-) boeren in Fryslân daar zet ik mij voor in!</p>
<p>Het is van belang dat we goed opgeleide studenten houden in Fryslân. Voldoende stageplekken en werkplekken zijn hierbij cruciaal. Het besef dat studenten op alle niveaus onmisbaar zijn voor onze Friese economie, daar wil ik mij voor inzetten!</p>
<p>Iedere inwoner binnen Fryslân moet zich kunnen uitdrukken in het Fries, wanneer dat beter past bij die persoon. Dat geeft vrijheid en hier wil ik mij voor inzetten!</p>
<p>Als VVD nemen wij onze verantwoordelijkheid, voor nu en voor later.</p>
<h2><strong>Portefeuilles</strong></h2>
<ul>
<li>Natuur &amp; Landschap</li>
<li>Transitie Omgevingswet/visie</li>
<li>Landbouw</li>
<li>Veenweide</li>
<li>Water &amp; Milieu</li>
<li>Leefomgeving</li>
<li>Taal, media, onderwijs en letteren</li>
</ul>
<p>&nbsp;</p>
	</div>
</div>
